 = -2*r - 7 + 33. Suppose 5*a - y - 4*y - 25 = 0, -y + r = 5*a. Is u(a) a composite number?
True
Suppose -2426914 = -8*p + 837070. Is p a prime number?
False
Let g(r) be the third derivative of 97*r**4/8 - 119*r**3/3 - 87*r**2. Is g(17) prime?
False
Suppose -43*n = -47*n + 8. Suppose 0 = -n*y - 98 + 1116. Is y a composite number?
False
Suppose -3*w - 55037 = -2*m, 3*m + 36*w - 40*w = 82558. Is m prime?
False
Let w(m) = 1496*m**2 + 151*m - 671. Is w(8) a prime number?
True
Suppose 30 = b - 5*r, 0*b - 5*b = 5*r. Suppose 13*l - 19416 = b*l. Is l composite?
True
Suppose 2*f = 53 + 53. Let w = 52 - f. Is 463 + w + (-4)/(-4) a prime number?
True
Let u(m) = 157*m**2 - 25*m + 593. Is u(22) prime?
True
Is -2 - 21*7581/(-9) a prime number?
False
Let d be (-14)/2 + 42/3. Suppose d*a = 16390 + 5401. Is a a composite number?
True
Let c(s) = -479*s**3 - 29*s**2 - 27*s + 93. Is c(-8) prime?
True
Suppose g = -3, -s + 8*g + 7*g + 18907 = 0. Is s composite?
True
Suppose -3 + 16 = -13*w. Is w/1 - (-1232 - 28) composite?
False
Let l(g) = -505*g**3 + 10*g**2 + g + 1. Let r be l(-4). Suppose 19*f + r - 123354 = 0. Is f a prime number?
True
Let z(r) = -2*r**3 + 12*r + 11. Suppose -3*v - b + 72 = 0, -b - 4*b + 35 = 2*v. Let s = 16 - v. Is z(s) a prime number?
True
Let l be (652 + 18)*(16/10 + 0). Let s(d) = -1 - 1104*d - 14 + l*d. Is s(-5) prime?
False
Let m = 65 - 62. Suppose m*c = 6*c - 4980. Suppose 5*o - 6589 = -4*s, 2*s + 3*o + c = 3*s. Is s a prime number?
False
Suppose -24*n - 9*n = -27885. Let f = -100 + n. Is f composite?
True
Suppose 2*c - 5*m + 10 = 0, -4*c - 14*m = -16*m + 4. Suppose -11*h + 7*h + 7060 = c. Is h prime?
False
Let s(a) = -2*a - 5. Let w be s(-6). Let n(c) = -5 - c**2 + 5*c + 0*c**2 - 9*c + 2*c**3 + 7*c**2. Is n(w) composite?
False
Suppose 3*n = 5*n + 3*n. Suppose -5*l - 6552 = -2*z + 1875, n = 5*z + 5*l - 21050. Is z a prime number?
True
Let g(t) = t - 26. Let s be g(-13). Let x = 39 + s. Suppose 8*p - 15*p + 4417 = x. Is p a prime number?
True
Suppose 108*v - 103*v = 0. Is (v - (-526)/4) + 3/(-6) a prime number?
True
Let r be (-7)/(63/81) + 38894. Suppose 0 = -5*y - 2*v + r, 4*y = 3*v + 3645 + 27486. Is y a prime number?
False
Suppose -4573 = 2*d - o, 5*d + 6760 = 5*o - 4660. Let v(a) = -a**2 - 13*a + 104. Let y be v(5). Is (y/6)/((-7)/d) a prime number?
False
Suppose -5*s + 40*f - 43*f = 50338, -40269 = 4*s + f. Let r = 26614 + s. Is r a prime number?
True
Let f be (-5)/((-25)/3) + 272/80. Is (-2)/((f - 3) + -3) - -16248 a prime number?
True
Let h = -29 + 33. Is h/3 - (-264368)/48 a prime number?
False
Let c = -16 + 16. Suppose c = -2*i - o + 2, 0 = 3*i - 8*i - 2*o + 6. Suppose 0 = -v - s - 0*s + 305, i*s + 1539 = 5*v. Is v composite?
False
Suppose -12*o = -8*o - 5*a - 996498, -o - 3*a + 249133 = 0. Is o a prime number?
True
Let p = -22492 + 662685. Is p a prime number?
True
Let t(i) = -i**2 + 40*i - 97. Let a be t(37). Suppose -10*u - 4200 = -a*u + 4*h, -4*u + 4182 = 2*h. Is u composite?
True
Let h(v) = -140*v - 123. Let i(t) = 5*t + 66. Let o be i(-16). Is h(o) composite?
True
Let b(w) = -w**3 + 20*w**2 - 36*w + 3. Let x be b(18). Suppose -3*m - a = -6605, 2*m - x*a - 4422 = a. Is m prime?
True
Let k(z) = -9205*z + 1921. Is k(-40) a prime number?
True
Let y(l) = -l**3 - 19*l**2 - 50*l - 30. Let g be y(-16). Suppose -40685 = -5*o - g*z, -2*z + 16290 = 2*o + 2*z. Is o a composite number?
True
Suppose -k + 5596 = b, 3*b = k - 0*k - 5604. Let h = k - 3548. Let l = 5465 - h. Is l a prime number?
False
Suppose -993 = -5*h - 6603. Let r = 219 + h. Is (r/(-2) - 1)*14/7 prime?
False
Let t be (0 - (-4 - -6 - 0))*-3. Is t/8*175620/45 a prime number?
True
Suppose o + o = -5*p - 5, -5*o + 22 = p. Let m be (-28)/7*2/4 - 6. Is (-1 + (-159)/p)*(-178)/m composite?
True
Let x be 1159 + 20/4 - 5. Suppose -4*v + 4600 = 2*l, -x = -v + 6*l - 2*l. Is v a composite number?
False
Suppose 2*c + 840 = 814. Let w(r) = -5*r**3 - 25*r**2 + 2*r + 69. Is w(c) composite?
False
Suppose -290*i = -294*i - 1124. Let o = -212 - i. Is o prime?
False
Let r(f) = 16*f - 11. Let a be r(4). Let w = 56 - a. Is (2 - (-41678)/49) + w/7 composite?
False
Suppose -15932592 - 14648847 = -28*g - 119*g. Is g a composite number?
False
Let j = -227 + 827. Let b = j + -406. Is b composite?
True
Let u(k) = k**3 - 9*k**2 + 2*k - 12. Let n be u(9). Suppose -3*w - 19521 = -5*v, 2*v = -0 + n. Is w/(-18) - 2/9 prime?
False
Suppose 0 = x + 269 - 271. Suppose 0 = -0*s - 2*s + 11574. Suppose 0 = -3*f + 3*n + s, -x*f + 4*n + 4688 = 840. Is f prime?
False
Suppose 11*s = 7*s + 12, 0 = -2*h + 2*s + 2906424. Suppose h - 107435 = 20*t. Is t a composite number?
False
Let z(c) = -2*c - 210. Suppose -5*x + 4*j = 0, 0*x = x - 5*j. Let y be z(x). Let r = -116 - y. Is r prime?
False
Let y = -262811 + 493566. Is y/57 - (-4)/6 a prime number?
True
Suppose 0 = -2*h - 4*d - 0 + 2, 3*h = -d - 17. Let q(w) = 60*w**2 - 6*w - 1. Is q(h) composite?
True
Suppose -41*t - 268894 + 1176675 = 0. Is t composite?
True
Let m(g) = 1693*g**2 - 4*g + 4. Let w(s) = 2*s + 25. Let u be w(-12). Is m(u) composite?
False
Let f(m) = -136*m - 90. Let a(c) = c - 5. Let u(x) = -a(x) - f(x). Is u(6) a prime number?
False
Let d(h) = -67*h**3 - 11*h**2 - 8*h + 10. Let c be d(-7). Suppose -13*j + c = -41738. Suppose -839 = 11*m - j. Is m composite?
False
Let c(u) = u**3 + 76*u**2 + 342*u + 4. Is c(-49) prime?
True
Let d = -8598 - -15639. Is d a composite number?
True
Let w(d) = 218*d + 7697. Is w(85) a composite number?
False
Suppose -5*a - 5*a - 210606 = -16*a. Is a prime?
False
Let p = -5138 + 20104. Let x = p + -8036. Suppose -3*h + 3366 = g + 1036, 3*g - 3*h = x. Is g composite?
True
Let f(p) = 372*p + 485. Is f(4) a composite number?
False
Let n(d) = -25*d + 1. Let b be n(6). Let s = 164 - b. Let l = s - -8. Is l a composite number?
True
Is (-243898)/(-42) - 8/84 prime?
True
Let t = -839 + 868. Suppose 36*k - 275513 = t*k. Is k composite?
False
Let o(l) = -41459*l - 1315. Is o(-16) a composite number?
False
Is ((1 + -2)/3 - (-2688)/36)*2127 prime?
False
Suppose 2*c - 249 = 5*y, 2*y - 240 = -2*c - 2*y. Suppose 0 = 9*u - c - 58. Suppose x - 123 - u = 0. Is x prime?
False
Let l be (3/4)/(1/4). Suppose -2*k + 65968 = l*k - 3*i, -52777 = -4*k + 5*i. Is k prime?
False
Let o = -10572 + 7151. Let t = o - -5244. Is t a composite number?
False
Let p = 95703 - 39344. Is p a composite number?
False
Suppose 36*i - 1576282 = 30*i + 245576. Is i prime?
True
Suppose 8*p - 3*p + 4*l = 482355, 4*l = -p + 96487. Is p prime?
False
Suppose -234*v + 13648 = -242*v. Let x = -885 - v. Is x a composite number?
False
Let v = -27440 - -40619. Let c = v + -7066. Is c composite?
False
Let j = -41890 + 61077. Is j a prime number?
False
Let x = 83503 + -29324. Is x a composite number?
True
Suppose 86*w - 89*w = -5*q + 866167, w = -4*q + 692920. Is q prime?
False
Is (-4550)/(-266) - 17 - ((-536116500)/76)/5 composite?
False
Is (13 - 6 - 3) + 42583 a composite number?
True
Let f(b) = -7527*b + 556. Is f(-3) composite?
True
Let h = -71974 - -148845. Is h prime?
True
Suppose 2*f - 4 - 10 = 0. Let y be f - 18528 - 10/2. Let a = -12735 - y. Is a prime?
True
Suppose 1306 = 3*v + b, -3*b + 859 = -0*v + 2*v. Suppose -4*x = -20, -6*o + o + 8690 = -4*x. Let k = o + v. Is k composite?
False
Suppose -4*q + 3*x - 114119 = -347698, -q - 4*x + 58371 = 0. Is q composite?
False
Let i be (-5 + 0/2)*21/35. Let f(y) = -538*y - 6. Let n be f(i). Suppose 2*a - 5554 = -n. Is a prime?
True
Suppose -5*n = -4*q + 264116, 16107 - 82136 = -q + 5*n. Is q a composite number?
False
Suppose 8*r = 3*r - 4*j + 28357, -4*r + 4*j + 22664 = 0. Is r a prime number?
True
Suppose 5*f = -20, 4*z + 3 - 7 = 2*f. Let i(n) = -4*n**3 - 2*n - 2. Let d be i(z). Suppose -3*u + 3125 = d*s, u - 5*u - s + 4171 = 0. Is u composite?
True
Let l(a) = -a**2 + 2*a - 5*a - 7*a - a - 24. Let w be l(-7). Suppose w*g + 0*g = 19124. Is g prime?
False
Let u(n) = -n**2 - 7*n + 78 - 44 + n + 3*n**2. Suppose 0 = -3*w - 3*v + 33, -4*w + 3*v = -71 - 1. Is u(w) prime?
False
Suppose -4570700 = -2230*b + 2210*b. Is b a prime number?
False
Let j be 120/(-220) - 12/(-22). Suppose -2*f + j*f + 22441 = 3*u, 5*f + 14929 = 2*u. Is u a prime number?
True
Is -2 + 28/15 + (-3 - 25054044/(-180)) a composite number?
True
Suppose 24*l - 318320675 = 